{"id":1256,"date":"2023-01-02T07:45:08","date_gmt":"2023-01-02T06:45:08","guid":{"rendered":"https:\/\/www.alexispinturault.com\/?page_id=1256"},"modified":"2024-02-13T17:56:17","modified_gmt":"2024-02-13T16:56:17","slug":"winter-legacy","status":"publish","type":"page","link":"https:\/\/www.alexispinturault.com\/eng\/winter-legacy\/","title":{"rendered":"Winter Legacy"},"content":{"rendered":"\t\t<div data-elementor-type=\"wp-page\" data-elementor-id=\"1256\" class=\"elementor elementor-1256\" data-elementor-post-type=\"page\">\n\t\t\t\t\t\t<section class=\"ob-is-breaking-bad elementor-section elementor-top-section elementor-element elementor-element-a91cab9 elementor-section-height-min-height elementor-section-full_width elementor-section-height-default elementor-section-items-middle\" data-id=\"a91cab9\" data-element_type=\"section\" data-e-type=\"section\" data-settings=\"{&quot;background_background&quot;:&quot;gradient&quot;,&quot;_ob_bbad_use_it&quot;:&quot;yes&quot;,&quot;_ob_bbad_sssic_use&quot;:&quot;no&quot;,&quot;_ob_glider_is_slider&quot;:&quot;no&quot;}\">\n\t\t\t\t\t\t<div class=\"elementor-container elementor-column-gap-no\">\n\t\t\t\t\t<div class=\"elementor-column elementor-col-100 elementor-top-column elementor-element elementor-element-ee15343\" data-id=\"ee15343\" data-element_type=\"column\" data-e-type=\"column\" data-settings=\"{&quot;_ob_bbad_is_stalker&quot;:&quot;no&quot;,&quot;_ob_teleporter_use&quot;:false,&quot;_ob_column_hoveranimator&quot;:&quot;no&quot;,&quot;_ob_column_has_pseudo&quot;:&quot;no&quot;}\">\n\t\t\t<div class=\"elementor-widget-wrap elementor-element-populated\">\n\t\t\t\t\t\t<div class=\"elementor-element elementor-element-e95dafa ob-harakiri-inherit ob-has-background-overlay elementor-widget elementor-widget-heading\" data-id=\"e95dafa\" data-element_type=\"widget\" data-e-type=\"widget\" data-settings=\"{&quot;_ob_use_harakiri&quot;:&quot;yes&quot;,&quot;_ob_harakiri_writing_mode&quot;:&quot;inherit&quot;,&quot;_ob_harakiri_text_clip&quot;:&quot;none&quot;,&quot;_ob_perspektive_use&quot;:&quot;no&quot;,&quot;_ob_poopart_use&quot;:&quot;yes&quot;,&quot;_ob_shadough_use&quot;:&quot;no&quot;,&quot;_ob_allow_hoveranimator&quot;:&quot;no&quot;,&quot;_ob_widget_stalker_use&quot;:&quot;no&quot;}\" data-widget_type=\"heading.default\">\n\t\t\t\t<div class=\"elementor-widget-container\">\n\t\t\t\t\t<h1 class=\"elementor-heading-title elementor-size-default\">EVENT<\/h1>\t\t\t\t<\/div>\n\t\t\t\t<\/div>\n\t\t\t\t<div class=\"elementor-element elementor-element-c7f2605 ob-harakiri-inherit ob-has-background-overlay elementor-widget elementor-widget-heading\" data-id=\"c7f2605\" data-element_type=\"widget\" data-e-type=\"widget\" data-settings=\"{&quot;_ob_use_harakiri&quot;:&quot;yes&quot;,&quot;_ob_harakiri_writing_mode&quot;:&quot;inherit&quot;,&quot;_ob_harakiri_text_clip&quot;:&quot;none&quot;,&quot;_ob_perspektive_use&quot;:&quot;no&quot;,&quot;_ob_poopart_use&quot;:&quot;yes&quot;,&quot;_ob_shadough_use&quot;:&quot;no&quot;,&quot;_ob_allow_hoveranimator&quot;:&quot;no&quot;,&quot;_ob_widget_stalker_use&quot;:&quot;no&quot;}\" data-widget_type=\"heading.default\">\n\t\t\t\t<div class=\"elementor-widget-container\">\n\t\t\t\t\t<h2 class=\"elementor-heading-title elementor-size-default\">WINTER<\/h2>\t\t\t\t<\/div>\n\t\t\t\t<\/div>\n\t\t\t\t<div class=\"elementor-element elementor-element-231e432 ob-harakiri-inherit ob-has-background-overlay elementor-widget elementor-widget-heading\" data-id=\"231e432\" data-element_type=\"widget\" data-e-type=\"widget\" data-settings=\"{&quot;_ob_use_harakiri&quot;:&quot;yes&quot;,&quot;_ob_harakiri_writing_mode&quot;:&quot;inherit&quot;,&quot;_ob_harakiri_text_clip&quot;:&quot;none&quot;,&quot;_ob_perspektive_use&quot;:&quot;no&quot;,&quot;_ob_poopart_use&quot;:&quot;yes&quot;,&quot;_ob_shadough_use&quot;:&quot;no&quot;,&quot;_ob_allow_hoveranimator&quot;:&quot;no&quot;,&quot;_ob_widget_stalker_use&quot;:&quot;no&quot;}\" data-widget_type=\"heading.default\">\n\t\t\t\t<div class=\"elementor-widget-container\">\n\t\t\t\t\t<h2 class=\"elementor-heading-title elementor-size-default\">LEGACY<\/h2>\t\t\t\t<\/div>\n\t\t\t\t<\/div>\n\t\t\t\t<div class=\"elementor-element elementor-element-4206828 ob-harakiri-inherit ob-has-background-overlay elementor-widget elementor-widget-heading\" data-id=\"4206828\" data-element_type=\"widget\" data-e-type=\"widget\" data-settings=\"{&quot;_ob_use_harakiri&quot;:&quot;yes&quot;,&quot;_ob_harakiri_writing_mode&quot;:&quot;inherit&quot;,&quot;_ob_harakiri_text_clip&quot;:&quot;none&quot;,&quot;_ob_perspektive_use&quot;:&quot;no&quot;,&quot;_ob_poopart_use&quot;:&quot;yes&quot;,&quot;_ob_shadough_use&quot;:&quot;no&quot;,&quot;_ob_allow_hoveranimator&quot;:&quot;no&quot;,&quot;_ob_widget_stalker_use&quot;:&quot;no&quot;}\" data-widget_type=\"heading.default\">\n\t\t\t\t<div class=\"elementor-widget-container\">\n\t\t\t\t\t<h2 class=\"elementor-heading-title elementor-size-default\">Samedi 6 avril 2024<\/h2>\t\t\t\t<\/div>\n\t\t\t\t<\/div>\n\t\t\t\t<div class=\"elementor-element elementor-element-4bcc0c1 elementor-align-center ob-has-background-overlay ob-is-butterbutton elementor-widget elementor-widget-button\" data-id=\"4bcc0c1\" data-element_type=\"widget\" data-e-type=\"widget\" data-settings=\"{&quot;_ob_butterbutton_use_it&quot;:&quot;yes&quot;,&quot;_ob_perspektive_use&quot;:&quot;no&quot;,&quot;_ob_poopart_use&quot;:&quot;yes&quot;,&quot;_ob_shadough_use&quot;:&quot;no&quot;,&quot;_ob_allow_hoveranimator&quot;:&quot;no&quot;,&quot;_ob_widget_stalker_use&quot;:&quot;no&quot;}\" data-widget_type=\"button.default\">\n\t\t\t\t<div class=\"elementor-widget-container\">\n\t\t\t\t\t\t\t\t\t<div class=\"elementor-button-wrapper\">\n\t\t\t\t\t<a class=\"elementor-button elementor-button-link elementor-size-sm\" href=\"#suite\">\n\t\t\t\t\t\t<span class=\"elementor-button-content-wrapper\">\n\t\t\t\t\t\t<span class=\"elementor-button-icon\">\n\t\t\t\t<i aria-hidden=\"true\" class=\"fas fa-mobile\"><\/i>\t\t\t<\/span>\n\t\t\t\t\t\t\t\t<\/span>\n\t\t\t\t\t<\/a>\n\t\t\t\t<\/div>\n\t\t\t\t\t\t\t\t<\/div>\n\t\t\t\t<\/div>\n\t\t\t\t<div class=\"elementor-element elementor-element-694e1b3 elementor-widget__width-initial elementor-fixed ob-has-background-overlay elementor-widget elementor-widget-image\" data-id=\"694e1b3\" data-element_type=\"widget\" data-e-type=\"widget\" data-settings=\"{&quot;_position&quot;:&quot;fixed&quot;,&quot;_ob_photomorph_use&quot;:&quot;no&quot;,&quot;_ob_perspektive_use&quot;:&quot;no&quot;,&quot;_ob_poopart_use&quot;:&quot;yes&quot;,&quot;_ob_shadough_use&quot;:&quot;no&quot;,&quot;_ob_allow_hoveranimator&quot;:&quot;no&quot;,&quot;_ob_widget_stalker_use&quot;:&quot;no&quot;}\" data-widget_type=\"image.default\">\n\t\t\t\t<div class=\"elementor-widget-container\">\n\t\t\t\t\t\t\t\t\t\t\t\t\t\t\t<img fetchpriority=\"high\" decoding=\"async\" width=\"800\" height=\"789\" src=\"https:\/\/www.alexispinturault.com\/wp-content\/uploads\/2023\/01\/WLok.png\" class=\"attachment-large size-large wp-image-1260\" alt=\"\" srcset=\"https:\/\/www.alexispinturault.com\/wp-content\/uploads\/2023\/01\/WLok.png 894w, https:\/\/www.alexispinturault.com\/wp-content\/uploads\/2023\/01\/WLok-300x296.png 300w, https:\/\/www.alexispinturault.com\/wp-content\/uploads\/2023\/01\/WLok-768x758.png 768w, https:\/\/www.alexispinturault.com\/wp-content\/uploads\/2023\/01\/WLok-12x12.png 12w\" sizes=\"(max-width: 800px) 100vw, 800px\" \/>\t\t\t\t\t\t\t\t\t\t\t\t\t\t\t<\/div>\n\t\t\t\t<\/div>\n\t\t\t\t<div class=\"elementor-element elementor-element-6d94d9b ob-has-background-overlay elementor-widget elementor-widget-video\" data-id=\"6d94d9b\" data-element_type=\"widget\" data-e-type=\"widget\" data-settings=\"{&quot;youtube_url&quot;:&quot;https:\\\/\\\/youtu.be\\\/OM1C_KmvmWQ&quot;,&quot;video_type&quot;:&quot;youtube&quot;,&quot;controls&quot;:&quot;yes&quot;,&quot;_ob_perspektive_use&quot;:&quot;no&quot;,&quot;_ob_poopart_use&quot;:&quot;yes&quot;,&quot;_ob_shadough_use&quot;:&quot;no&quot;,&quot;_ob_allow_hoveranimator&quot;:&quot;no&quot;,&quot;_ob_widget_stalker_use&quot;:&quot;no&quot;}\" data-widget_type=\"video.default\">\n\t\t\t\t<div class=\"elementor-widget-container\">\n\t\t\t\t\t\t\t<div class=\"elementor-wrapper elementor-open-inline\">\n\t\t\t<div class=\"elementor-video\"><\/div>\t\t<\/div>\n\t\t\t\t\t\t<\/div>\n\t\t\t\t<\/div>\n\t\t\t\t\t<\/div>\n\t\t<\/div>\n\t\t\t\t\t<\/div>\n\t\t<\/section>\n\t\t\t\t<section class=\"ob-is-breaking-bad elementor-section elementor-top-section elementor-element elementor-element-c739ade elementor-section-content-middle elementor-reverse-mobile elementor-section-boxed elementor-section-height-default elementor-section-height-default\" data-id=\"c739ade\" data-element_type=\"section\" data-e-type=\"section\" data-settings=\"{&quot;background_background&quot;:&quot;classic&quot;,&quot;_ob_bbad_use_it&quot;:&quot;yes&quot;,&quot;_ob_bbad_sssic_use&quot;:&quot;no&quot;,&quot;_ob_glider_is_slider&quot;:&quot;no&quot;}\">\n\t\t\t\t\t\t<div class=\"elementor-container elementor-column-gap-default\">\n\t\t\t\t\t<div class=\"elementor-column elementor-col-50 elementor-top-column elementor-element elementor-element-e45fd17 elementor-invisible\" data-id=\"e45fd17\" data-element_type=\"column\" data-e-type=\"column\" data-settings=\"{&quot;animation&quot;:&quot;fadeInLeft&quot;,&quot;_ob_bbad_is_stalker&quot;:&quot;no&quot;,&quot;_ob_teleporter_use&quot;:false,&quot;_ob_column_hoveranimator&quot;:&quot;no&quot;,&quot;_ob_column_has_pseudo&quot;:&quot;no&quot;}\">\n\t\t\t<div class=\"elementor-widget-wrap elementor-element-populated\">\n\t\t\t\t\t\t<div class=\"elementor-element elementor-element-b79f372 ob-harakiri-inherit ob-has-background-overlay elementor-widget elementor-widget-heading\" data-id=\"b79f372\" data-element_type=\"widget\" data-e-type=\"widget\" data-settings=\"{&quot;_ob_use_harakiri&quot;:&quot;yes&quot;,&quot;_ob_harakiri_writing_mode&quot;:&quot;inherit&quot;,&quot;_ob_harakiri_text_clip&quot;:&quot;none&quot;,&quot;_ob_perspektive_use&quot;:&quot;no&quot;,&quot;_ob_poopart_use&quot;:&quot;yes&quot;,&quot;_ob_shadough_use&quot;:&quot;no&quot;,&quot;_ob_allow_hoveranimator&quot;:&quot;no&quot;,&quot;_ob_widget_stalker_use&quot;:&quot;no&quot;}\" data-widget_type=\"heading.default\">\n\t\t\t\t<div class=\"elementor-widget-container\">\n\t\t\t\t\t<h2 class=\"elementor-heading-title elementor-size-default\">En \u00e9quipe ou en individuel, viens te confronter au d\u00e9fi le plus complet !<\/h2>\t\t\t\t<\/div>\n\t\t\t\t<\/div>\n\t\t\t\t<div class=\"elementor-element elementor-element-c789101 ob-harakiri-inherit ob-has-background-overlay elementor-widget elementor-widget-heading\" data-id=\"c789101\" data-element_type=\"widget\" data-e-type=\"widget\" data-settings=\"{&quot;_ob_use_harakiri&quot;:&quot;yes&quot;,&quot;_ob_harakiri_writing_mode&quot;:&quot;inherit&quot;,&quot;_ob_harakiri_text_clip&quot;:&quot;none&quot;,&quot;_ob_perspektive_use&quot;:&quot;no&quot;,&quot;_ob_poopart_use&quot;:&quot;yes&quot;,&quot;_ob_shadough_use&quot;:&quot;no&quot;,&quot;_ob_allow_hoveranimator&quot;:&quot;no&quot;,&quot;_ob_widget_stalker_use&quot;:&quot;no&quot;}\" data-widget_type=\"heading.default\">\n\t\t\t\t<div class=\"elementor-widget-container\">\n\t\t\t\t\t<h2 class=\"elementor-heading-title elementor-size-default\">WINTER LEGACY<\/h2>\t\t\t\t<\/div>\n\t\t\t\t<\/div>\n\t\t\t\t<div class=\"elementor-element elementor-element-5849985 ob-harakiri-inherit ob-has-background-overlay elementor-widget elementor-widget-text-editor\" data-id=\"5849985\" data-element_type=\"widget\" data-e-type=\"widget\" data-settings=\"{&quot;_ob_use_harakiri&quot;:&quot;yes&quot;,&quot;_ob_harakiri_writing_mode&quot;:&quot;inherit&quot;,&quot;_ob_postman_use&quot;:&quot;no&quot;,&quot;_ob_perspektive_use&quot;:&quot;no&quot;,&quot;_ob_poopart_use&quot;:&quot;yes&quot;,&quot;_ob_shadough_use&quot;:&quot;no&quot;,&quot;_ob_allow_hoveranimator&quot;:&quot;no&quot;,&quot;_ob_widget_stalker_use&quot;:&quot;no&quot;}\" data-widget_type=\"text-editor.default\">\n\t\t\t\t<div class=\"elementor-widget-container\">\n\t\t\t\t\t\t\t\t\t<p>Le Winter Legacy est ouvert \u00e0 tous et propose une course adulte et un mod\u00e8le r\u00e9duit pour les juniors. Cette course in\u00e9dite propose un encha\u00eenement de plusieurs disciplines entre le portillon de d\u00e9part et la ligne d\u2019arriv\u00e9e : des bosses, du g\u00e9ant, du super g\u00e9ant, du ski cross et un waterslide (en option, un \u00e9chappatoire sera possible) pour filer vers l\u2019arriv\u00e9e.<\/p><p>Les d\u00e9parts se font par 4 dans des portillons identiques \u00e0 ceux utilis\u00e9s lors des coupes du monde de parall\u00e8le.<\/p><p>\u00c0 noter que le ski cross ne pr\u00e9sente pas de sauts.<\/p>\t\t\t\t\t\t\t\t<\/div>\n\t\t\t\t<\/div>\n\t\t\t\t<div class=\"elementor-element elementor-element-6394c5a elementor-align-center ob-has-background-overlay elementor-widget elementor-widget-button\" data-id=\"6394c5a\" data-element_type=\"widget\" data-e-type=\"widget\" data-settings=\"{&quot;_ob_butterbutton_use_it&quot;:&quot;no&quot;,&quot;_ob_perspektive_use&quot;:&quot;no&quot;,&quot;_ob_poopart_use&quot;:&quot;yes&quot;,&quot;_ob_shadough_use&quot;:&quot;no&quot;,&quot;_ob_allow_hoveranimator&quot;:&quot;no&quot;,&quot;_ob_widget_stalker_use&quot;:&quot;no&quot;}\" data-widget_type=\"button.default\">\n\t\t\t\t<div class=\"elementor-widget-container\">\n\t\t\t\t\t\t\t\t\t<div class=\"elementor-button-wrapper\">\n\t\t\t\t\t<a class=\"elementor-button elementor-button-link elementor-size-sm\" href=\"https:\/\/www.winterlegacy.com\/fr\/\" target=\"_blank\">\n\t\t\t\t\t\t<span class=\"elementor-button-content-wrapper\">\n\t\t\t\t\t\t\t\t\t<span class=\"elementor-button-text\">INFOS ET INSCRIPTIONS<\/span>\n\t\t\t\t\t<\/span>\n\t\t\t\t\t<\/a>\n\t\t\t\t<\/div>\n\t\t\t\t\t\t\t\t<\/div>\n\t\t\t\t<\/div>\n\t\t\t\t\t<\/div>\n\t\t<\/div>\n\t\t\t\t<div class=\"elementor-column elementor-col-50 elementor-top-column elementor-element elementor-element-71b672f\" data-id=\"71b672f\" data-element_type=\"column\" data-e-type=\"column\" data-settings=\"{&quot;motion_fx_motion_fx_scrolling&quot;:&quot;yes&quot;,&quot;motion_fx_translateX_effect&quot;:&quot;yes&quot;,&quot;motion_fx_translateX_speed&quot;:{&quot;unit&quot;:&quot;px&quot;,&quot;size&quot;:3,&quot;sizes&quot;:[]},&quot;motion_fx_translateX_affectedRange&quot;:{&quot;unit&quot;:&quot;%&quot;,&quot;size&quot;:&quot;&quot;,&quot;sizes&quot;:{&quot;start&quot;:0,&quot;end&quot;:65}},&quot;motion_fx_devices&quot;:[&quot;desktop&quot;,&quot;laptop&quot;],&quot;_ob_bbad_is_stalker&quot;:&quot;no&quot;,&quot;_ob_teleporter_use&quot;:false,&quot;_ob_column_hoveranimator&quot;:&quot;no&quot;,&quot;_ob_column_has_pseudo&quot;:&quot;no&quot;}\">\n\t\t\t<div class=\"elementor-widget-wrap elementor-element-populated\">\n\t\t\t\t\t\t<div class=\"elementor-element elementor-element-8b2213a ob-has-background-overlay elementor-widget elementor-widget-image\" data-id=\"8b2213a\" data-element_type=\"widget\" data-e-type=\"widget\" data-settings=\"{&quot;_ob_photomorph_use&quot;:&quot;no&quot;,&quot;_ob_perspektive_use&quot;:&quot;no&quot;,&quot;_ob_poopart_use&quot;:&quot;yes&quot;,&quot;_ob_shadough_use&quot;:&quot;no&quot;,&quot;_ob_allow_hoveranimator&quot;:&quot;no&quot;,&quot;_ob_widget_stalker_use&quot;:&quot;no&quot;}\" data-widget_type=\"image.default\">\n\t\t\t\t<div class=\"elementor-widget-container\">\n\t\t\t\t\t\t\t\t\t\t\t\t\t\t\t<img decoding=\"async\" width=\"529\" height=\"719\" src=\"https:\/\/www.alexispinturault.com\/wp-content\/uploads\/2023\/01\/Capture-de\u0301cran-2022-12-14-a\u0300-10.57.32.png\" class=\"attachment-large size-large wp-image-1261\" alt=\"\" srcset=\"https:\/\/www.alexispinturault.com\/wp-content\/uploads\/2023\/01\/Capture-de\u0301cran-2022-12-14-a\u0300-10.57.32.png 529w, https:\/\/www.alexispinturault.com\/wp-content\/uploads\/2023\/01\/Capture-de\u0301cran-2022-12-14-a\u0300-10.57.32-221x300.png 221w, https:\/\/www.alexispinturault.com\/wp-content\/uploads\/2023\/01\/Capture-de\u0301cran-2022-12-14-a\u0300-10.57.32-9x12.png 9w\" sizes=\"(max-width: 529px) 100vw, 529px\" \/>\t\t\t\t\t\t\t\t\t\t\t\t\t\t\t<\/div>\n\t\t\t\t<\/div>\n\t\t\t\t\t<\/div>\n\t\t<\/div>\n\t\t\t\t\t<\/div>\n\t\t<\/section>\n\t\t\t\t<\/div>\n\t\t","protected":false},"excerpt":{"rendered":"<p>EVENT WINTER LEGACY Samedi 6 avril 2024 En \u00e9quipe ou en individuel, viens te confronter au d\u00e9fi le plus complet ! WINTER LEGACY Le Winter Legacy est ouvert \u00e0 tous et propose une course adulte et un mod\u00e8le r\u00e9duit pour les juniors. Cette course in\u00e9dite propose un encha\u00eenement de plusieurs disciplines entre le portillon de [&hellip;]<\/p>\n","protected":false},"author":2,"featured_media":0,"parent":0,"menu_order":0,"comment_status":"closed","ping_status":"closed","template":"","meta":{"_acf_changed":false,"footnotes":""},"class_list":["post-1256","page","type-page","status-publish","hentry"],"acf":[],"yoast_head":"<!-- This site is optimized with the Yoast SEO plugin v27.5 - https:\/\/yoast.com\/product\/yoast-seo-wordpress\/ -->\n<title>Winter Legacy, l&#039;\u00e9v\u00e9nement ski organis\u00e9 par Alexis Pinturault<\/title>\n<meta name=\"description\" content=\"Le Winter Legacy est une course ouverte \u00e0 tous qui propose un encha\u00eenement de plusieurs disciplines : bosses, g\u00e9ant, skicross, waterslide...\" \/>\n<meta name=\"robots\" content=\"index, follow, max-snippet:-1, max-image-preview:large, max-video-preview:-1\" \/>\n<link rel=\"canonical\" href=\"https:\/\/www.alexispinturault.com\/eng\/winter-legacy\/\" \/>\n<meta property=\"og:locale\" content=\"en_GB\" \/>\n<meta property=\"og:type\" content=\"article\" \/>\n<meta property=\"og:title\" content=\"Winter Legacy, l&#039;\u00e9v\u00e9nement ski organis\u00e9 par Alexis Pinturault\" \/>\n<meta property=\"og:description\" content=\"Le Winter Legacy est une course ouverte \u00e0 tous qui propose un encha\u00eenement de plusieurs disciplines : bosses, g\u00e9ant, skicross, waterslide...\" \/>\n<meta property=\"og:url\" content=\"https:\/\/www.alexispinturault.com\/eng\/winter-legacy\/\" \/>\n<meta property=\"og:site_name\" content=\"Alexis Pinturault\" \/>\n<meta property=\"article:modified_time\" content=\"2024-02-13T16:56:17+00:00\" \/>\n<meta property=\"og:image\" content=\"https:\/\/www.alexispinturault.com\/wp-content\/uploads\/2023\/01\/WLok.png\" \/>\n<meta name=\"twitter:card\" content=\"summary_large_image\" \/>\n<meta name=\"twitter:label1\" content=\"Estimated reading time\" \/>\n\t<meta name=\"twitter:data1\" content=\"1 minute\" \/>\n<script type=\"application\/ld+json\" class=\"yoast-schema-graph\">{\"@context\":\"https:\\\/\\\/schema.org\",\"@graph\":[{\"@type\":\"WebPage\",\"@id\":\"https:\\\/\\\/www.alexispinturault.com\\\/winter-legacy\\\/\",\"url\":\"https:\\\/\\\/www.alexispinturault.com\\\/winter-legacy\\\/\",\"name\":\"Winter Legacy, l'\u00e9v\u00e9nement ski organis\u00e9 par Alexis Pinturault\",\"isPartOf\":{\"@id\":\"https:\\\/\\\/www.alexispinturault.com\\\/#website\"},\"primaryImageOfPage\":{\"@id\":\"https:\\\/\\\/www.alexispinturault.com\\\/winter-legacy\\\/#primaryimage\"},\"image\":{\"@id\":\"https:\\\/\\\/www.alexispinturault.com\\\/winter-legacy\\\/#primaryimage\"},\"thumbnailUrl\":\"https:\\\/\\\/www.alexispinturault.com\\\/wp-content\\\/uploads\\\/2023\\\/01\\\/WLok.png\",\"datePublished\":\"2023-01-02T06:45:08+00:00\",\"dateModified\":\"2024-02-13T16:56:17+00:00\",\"description\":\"Le Winter Legacy est une course ouverte \u00e0 tous qui propose un encha\u00eenement de plusieurs disciplines : bosses, g\u00e9ant, skicross, waterslide...\",\"breadcrumb\":{\"@id\":\"https:\\\/\\\/www.alexispinturault.com\\\/winter-legacy\\\/#breadcrumb\"},\"inLanguage\":\"en-GB\",\"potentialAction\":[{\"@type\":\"ReadAction\",\"target\":[\"https:\\\/\\\/www.alexispinturault.com\\\/winter-legacy\\\/\"]}]},{\"@type\":\"ImageObject\",\"inLanguage\":\"en-GB\",\"@id\":\"https:\\\/\\\/www.alexispinturault.com\\\/winter-legacy\\\/#primaryimage\",\"url\":\"https:\\\/\\\/www.alexispinturault.com\\\/wp-content\\\/uploads\\\/2023\\\/01\\\/WLok.png\",\"contentUrl\":\"https:\\\/\\\/www.alexispinturault.com\\\/wp-content\\\/uploads\\\/2023\\\/01\\\/WLok.png\"},{\"@type\":\"BreadcrumbList\",\"@id\":\"https:\\\/\\\/www.alexispinturault.com\\\/winter-legacy\\\/#breadcrumb\",\"itemListElement\":[{\"@type\":\"ListItem\",\"position\":1,\"name\":\"Accueil\",\"item\":\"https:\\\/\\\/www.alexispinturault.com\\\/\"},{\"@type\":\"ListItem\",\"position\":2,\"name\":\"Winter Legacy\"}]},{\"@type\":\"WebSite\",\"@id\":\"https:\\\/\\\/www.alexispinturault.com\\\/#website\",\"url\":\"https:\\\/\\\/www.alexispinturault.com\\\/\",\"name\":\"Alexis Pinturault\",\"description\":\"Un site utilisant WordPress\",\"potentialAction\":[{\"@type\":\"SearchAction\",\"target\":{\"@type\":\"EntryPoint\",\"urlTemplate\":\"https:\\\/\\\/www.alexispinturault.com\\\/?s={search_term_string}\"},\"query-input\":{\"@type\":\"PropertyValueSpecification\",\"valueRequired\":true,\"valueName\":\"search_term_string\"}}],\"inLanguage\":\"en-GB\"}]}<\/script>\n<!-- \/ Yoast SEO plugin. -->","yoast_head_json":{"title":"Winter Legacy, l'\u00e9v\u00e9nement ski organis\u00e9 par Alexis Pinturault","description":"Le Winter Legacy est une course ouverte \u00e0 tous qui propose un encha\u00eenement de plusieurs disciplines : bosses, g\u00e9ant, skicross, waterslide...","robots":{"index":"index","follow":"follow","max-snippet":"max-snippet:-1","max-image-preview":"max-image-preview:large","max-video-preview":"max-video-preview:-1"},"canonical":"https:\/\/www.alexispinturault.com\/eng\/winter-legacy\/","og_locale":"en_GB","og_type":"article","og_title":"Winter Legacy, l'\u00e9v\u00e9nement ski organis\u00e9 par Alexis Pinturault","og_description":"Le Winter Legacy est une course ouverte \u00e0 tous qui propose un encha\u00eenement de plusieurs disciplines : bosses, g\u00e9ant, skicross, waterslide...","og_url":"https:\/\/www.alexispinturault.com\/eng\/winter-legacy\/","og_site_name":"Alexis Pinturault","article_modified_time":"2024-02-13T16:56:17+00:00","og_image":[{"url":"https:\/\/www.alexispinturault.com\/wp-content\/uploads\/2023\/01\/WLok.png","type":"","width":"","height":""}],"twitter_card":"summary_large_image","twitter_misc":{"Estimated reading time":"1 minute"},"schema":{"@context":"https:\/\/schema.org","@graph":[{"@type":"WebPage","@id":"https:\/\/www.alexispinturault.com\/winter-legacy\/","url":"https:\/\/www.alexispinturault.com\/winter-legacy\/","name":"Winter Legacy, l'\u00e9v\u00e9nement ski organis\u00e9 par Alexis Pinturault","isPartOf":{"@id":"https:\/\/www.alexispinturault.com\/#website"},"primaryImageOfPage":{"@id":"https:\/\/www.alexispinturault.com\/winter-legacy\/#primaryimage"},"image":{"@id":"https:\/\/www.alexispinturault.com\/winter-legacy\/#primaryimage"},"thumbnailUrl":"https:\/\/www.alexispinturault.com\/wp-content\/uploads\/2023\/01\/WLok.png","datePublished":"2023-01-02T06:45:08+00:00","dateModified":"2024-02-13T16:56:17+00:00","description":"Le Winter Legacy est une course ouverte \u00e0 tous qui propose un encha\u00eenement de plusieurs disciplines : bosses, g\u00e9ant, skicross, waterslide...","breadcrumb":{"@id":"https:\/\/www.alexispinturault.com\/winter-legacy\/#breadcrumb"},"inLanguage":"en-GB","potentialAction":[{"@type":"ReadAction","target":["https:\/\/www.alexispinturault.com\/winter-legacy\/"]}]},{"@type":"ImageObject","inLanguage":"en-GB","@id":"https:\/\/www.alexispinturault.com\/winter-legacy\/#primaryimage","url":"https:\/\/www.alexispinturault.com\/wp-content\/uploads\/2023\/01\/WLok.png","contentUrl":"https:\/\/www.alexispinturault.com\/wp-content\/uploads\/2023\/01\/WLok.png"},{"@type":"BreadcrumbList","@id":"https:\/\/www.alexispinturault.com\/winter-legacy\/#breadcrumb","itemListElement":[{"@type":"ListItem","position":1,"name":"Accueil","item":"https:\/\/www.alexispinturault.com\/"},{"@type":"ListItem","position":2,"name":"Winter Legacy"}]},{"@type":"WebSite","@id":"https:\/\/www.alexispinturault.com\/#website","url":"https:\/\/www.alexispinturault.com\/","name":"Alexis Pinturault","description":"Un site utilisant WordPress","potentialAction":[{"@type":"SearchAction","target":{"@type":"EntryPoint","urlTemplate":"https:\/\/www.alexispinturault.com\/?s={search_term_string}"},"query-input":{"@type":"PropertyValueSpecification","valueRequired":true,"valueName":"search_term_string"}}],"inLanguage":"en-GB"}]}},"_links":{"self":[{"href":"https:\/\/www.alexispinturault.com\/eng\/wp-json\/wp\/v2\/pages\/1256","targetHints":{"allow":["GET"]}}],"collection":[{"href":"https:\/\/www.alexispinturault.com\/eng\/wp-json\/wp\/v2\/pages"}],"about":[{"href":"https:\/\/www.alexispinturault.com\/eng\/wp-json\/wp\/v2\/types\/page"}],"author":[{"embeddable":true,"href":"https:\/\/www.alexispinturault.com\/eng\/wp-json\/wp\/v2\/users\/2"}],"replies":[{"embeddable":true,"href":"https:\/\/www.alexispinturault.com\/eng\/wp-json\/wp\/v2\/comments?post=1256"}],"version-history":[{"count":13,"href":"https:\/\/www.alexispinturault.com\/eng\/wp-json\/wp\/v2\/pages\/1256\/revisions"}],"predecessor-version":[{"id":1432,"href":"https:\/\/www.alexispinturault.com\/eng\/wp-json\/wp\/v2\/pages\/1256\/revisions\/1432"}],"wp:attachment":[{"href":"https:\/\/www.alexispinturault.com\/eng\/wp-json\/wp\/v2\/media?parent=1256"}],"curies":[{"name":"wp","href":"https:\/\/api.w.org\/{rel}","templated":true}]}}